ided by 14143.
42
What is the remainder when 92870 is divided by 92864?
6
Calculate the remainder when 43231 is divided by 101.
3
Calculate the remainder when 47335 is divided by 3155.
10
What is the remainder when 4832 is divided by 2?
0
What is the remainder when 435172 is divided by 103?
100
What is the remainder when 3701 is divided by 126?
47
What is the remainder when 48124 is divided by 19?
16
Calculate the remainder when 18961 is divided by 32.
17
What is the remainder when 1613 is divided by 177?
20
What is the remainder when 2563 is divided by 2539?
24
Calculate the remainder when 630147 is divided by 161.
154
What is the remainder when 2637 is divided by 639?
81
What is the remainder when 11442 is divided by 5489?
464
Calculate the remainder when 348664 is divided by 685.
684
Calculate the remainder when 150119 is divided by 45.
44
What is the remainder when 31998 is divided by 16?
14
Calculate the remainder when 9937 is divided by 14.
11
What is the remainder when 44451 is divided by 136?
115
What is the remainder when 396302 is divided by 799?
797
Calculate the remainder when 8944 is divided by 2914.
202
What is the remainder when 305597 is divided by 16?
13
What is the remainder when 27142 is divided by 13?
11
Calculate the remainder when 52644 is divided by 1754.
24
Calculate the remainder when 78405 is divided by 4900.
5
What is the remainder when 4741 is divided by 38?
29
What is the remainder when 2483 is divided by 166?
159
Calculate the remainder when 13069 is divided by 6531.
7
What is the remainder when 334989 is divided by 139?
138
Calculate the remainder when 46778 is divided by 23377.
24
Calculate the remainder when 215338 is divided by 168.
130
Calculate the remainder when 226151 is divided by 396.
35
Calculate the remainder when 10251 is divided by 10241.
10
What is the remainder when 70035 is divided by 449?
440
Calculate the remainder when 4882 is divided by 629.
479
What is the remainder when 37331 is divided by 888?
35
What is the remainder when 1710274 is divided by 725?
724
What is the remainder when 49321 is divided by 2738?
37
Calculate the remainder when 684557 is divided by 126.
125
Calculate the remainder when 5716 is divided by 5701.
15
Calculate the remainder when 29664 is divided by 48.
0
Calculate the remainder when 6372 is divided by 2796.
780
Calculate the remainder when 193353 is divided by 77.
6
What is the remainder when 954 is divided by 276?
126
What is the remainder when 31423 is divided by 25?
23
What is the remainder when 295 is divided by 103?
89
Calculate the remainder when 30651 is divided by 262.
259
What is the remainder when 14381 is divided by 248?
245
Calculate the remainder when 39416 is divided by 245.
216
Calculate the remainder when 38549 is divided by 54.
47
Calculate the remainder when 72345 is divided by 506.
493
Calculate the remainder when 1343077 is divided by 22.
21
Calculate the remainder when 11549 is divided by 2875.
49
Calculate the remainder when 40365 is divided by 327.
144
Calculate the remainder when 62551 is divided by 15599.
155
What is the remainder when 41484 is divided by 233?
10
Calculate the remainder when 4759 is divided by 2315.
129
Calculate the remainder when 6004 is divided by 2450.
1104
Calculate the remainder when 11141 is divided by 110.
31
What is the remainder when 3180 is divided by 332?
192
What is the remainder when 3212 is divided by 311?
102
Calculate the remainder when 23459 is divided by 23443.
16
Calculate the remainder when 168231 is divided by 11.
8
What is the remainder when 498649 is divided by 166211?
16
Calculate the remainder when 17533 is divided by 17521.
12
Calculate the remainder when 177788 is divided by 1458.
1370
Calculate the remainder when 38949 is divided by 11.
9
What is the remainder when 1863 is divided by 1857?
6
What is the remainder when 7183 is divided by 1196?
7
What is the remainder when 21121 is divided by 21?
16
Calculate the remainder when 928 is divided by 78.
70
What is the remainder when 17311267 is divided by 52?
51
What is the remainder when 1501 is divided by 760?
741
Calculate the remainder when 1639002 is divided by 22452.
6
What is the remainder when 33448 is divided by 11141?
25
Calculate the remainder when 998302 is divided by 48.
46
What is the remainder when 26279 is divided by 26254?
25
Calculate the remainder when 25406 is divided by 212.
178
What is the remainder when 117743 is divided by 89?
85
What is the remainder when 21 is divided by 16?
5
What is the remainder when 167694 is divided by 92?
70
Calculate the remainder when 11910 is divided by 1485.
30
What is the remainder when 38192 is divided by 226?
224
Calculate the remainder when 5556 is divided by 1847.
15
Calculate the remainder when 2566 is divided by 565.
306
Calculate the remainder when 35036 is divided by 160.
156
Calculate the remainder when 725898 is divided by 350.
348
What is the remainder when 479662 is divided by 97?
94
Calculate the remainder when 3639 is divided by 107.
1
What is the remainder when 143569 is divided by 190?
119
What is the remainder when 157848 is divided by 76?
72
What is the remainder when 344 is divided by 112?
8
Calculate the remainder when 30048 is divided by 589.
9
Calculate the remainder when 17078 is divided by 902.
842
What is the remainder when 168789 is divided by 100?
89
What is the remainder when 2089836 is divided by 8?
4
Calculate the remainder when 25871 is divided by 25792.
79
Calculate the remainder when 2525 is divided by 757.
254
Calculate the remainder when 30679 is divided by 7664.
23
Calculate the remainder when 99471 is divided by 1259.
10
What is the remainder when 123519 is divided by 714?
711
Calculate the remainder when 1383276 is divided by 82.
18
Calculate the remainder when 87069 is divided by 917.
871
What is the remainder when 1267859 is divided by 565?
564
What is the remainder when 280012 is divided by 918?
22
What is the remainder when 11958 is divided by 31?
23
What is the remainder when 2981 is divided by 42?
41
What is the remainder when 44465 is divided by 47?
3
What is the remainder when 30276 is divided by 7566?
12
Calculate the remainder when 18184 is divided by 4545.
4
What is the remainder when 4470 is divided by 1112?
22
What is the remainder when 14654 is divided by 829?
561
What is the remainder when 2334 is divided by 322?
80
What is the remainder when 11456 is divided by 5722?
12
Calculate the remainder when 372 is divided by 32.
20
What is the remainder when 13382 is divided by 6680?
22
Calculate the remainder when 2043 is divided by 4.
3
Calculate the remainder when 1571 is divided by 43.
23
What is the remainder when 92969 is divided by 15?
14
Calculate the remainder when 2013 is divided by 40.
13
Calculate the remainder when 76474 is divided by 160.
154
What is the remainder when 20654 is divided by 20456?
198
What is the remainder when 27954 is divided by 58?
56
What is the remainder when 61675 is divided by 8809?
12
Calculate the remainder when 2500 is divided by 1198.
104
Calculate the remainder when 3265 is divided by 11.
9
Calculate the remainder when 127741 is divided by 42565.
46
What is the remainder when 65592 is divided by 135?
117
Calculate the remainder when 1146 is divided by 24.
18
What is the remainder when 5486121 is divided by 241?
238
Calculate the remainder when 30013 is divided by 45.
43
Calculate the remainder when 4020 is divided by 1326.
42
What is the remainder when 4803 is divided by 956?
23
Calculate the remainder when 286 is divided by 115.
56
What is the remainder when 14662 is divided by 117?
37
Calculate the remainder when 11946 is divided by 15.
6
Calculate the remainder when 9371 is divided by 204.
191
What is the remainder when 8716 is divided by 109?
105
Calculate the remainder when 6050 is divided by 122.
72
What is the remainder when 12766 is divided by 172?
38
Calculate the remainder when 2962 is divided by 333.
298
Calculate the remainder when 17579 is divided by 1035.
1019
What is the remainder when 14525 is divided by 75?
50
What is the remainder when 106774 is divided by 187?
184
What is the remainder when 1294 is divided by 134?
88
What is the remainder when 12931 is divided by 231?
226
What is the remainder 